 derivative of -s**4/6 - s**3/3 - 3*s**2/2 - 3*s. Calculate z(-2).
-7
Let m be 1/2 + 117/(-18). Let l(n) = n**2 + 8*n + 3. Calculate l(m).
-9
Let g(s) be the second derivative of 1/24*s**4 - 3*s + 1/2*s**3 + 0*s**2 + 1/120*s**5 + 0. Let x(l) be the second derivative of g(l). What is x(-1)?
0
Let l(t) = 3 + 8*t + 6*t - 13*t. Calculate l(3).
6
Let i(l) = l + 1. Let j(z) = 3*z + 6. Let y(g) = 5*i(g) - j(g). Let c be 1/(1 - (-3)/(-2)). Give y(c).
-5
Let d(r) = -r**3 + 6*r**2 - 7*r + 7. Let u(k) = k + 9. Let i(b) = 2*b + 19. Let o(y) = 4*i(y) - 9*u(y). Let q be o(-10). Determine d(q).
-3
Let a(y) = y**3 - 4*y**2 - 3*y - 4. Let b(p) = p**3 - 5*p**2 + 5*p. Let t be b(4). Calculate a(t).
-16
Let q(z) = -z + 20. Let f be q(0). Suppose 4*g = -f, 2*g + 3*g + 27 = d. Let k(x) = 4*x**2 - 4*x + 3. Determine k(d).
11
Let j(m) = 4*m**2 + 13 - 13*m + 0*m**2 + 4 - 3*m**2. Let o be j(12). Let y(k) = k - 5. Determine y(o).
0
Let o(t) = -t**2 + 7*t + 5. Suppose -3*r - r - 2*p + 26 = 0, 3*r + p = 19. Give o(r).
11
Let f(b) be the first derivative of 3*b**2/2 - 6*b - 1. Let s be 16/(-40) - (-66)/15. Determine f(s).
6
Suppose -4*i = 4*h - 24, -h - 3*i + i = -9. Let j = 8 - 11. Let z = h + j. Let o(v) = -v**2 + 5. Calculate o(z).
5
Let q(x) = -3 + 0 + 8*x - 10*x. What is q(-7)?
11
Let k be (-1)/(1/(-3)) + (-12 - -11). Suppose -o = 2 - 4. Let p(i) = -6*i**3 - 1 + i**3 - i**k - 3*i**3 + o*i. Give p(1).
-8
Let v(b) = -2*b**3 - 3 - 2*b - 2 + 4. Let k(o) = -o**3 + o**2 - o - 1. Let p be k(0). Let d = 0 + p. Give v(d).
3
Let y(s) = s + 1. Let z(u) = 7*u**2 + 2*u + 3. Let f(d) = -3*y(d) + z(d). What is f(1)?
6
Let q(m) = -3*m - 2. Let t(n) = -n - 3. Let r(l) = l + 2. Let w(x) = 4*r(x) + 3*t(x). Let y(j) = q(j) - 2*w(j). Let s(g) = g - 1. Let b be s(2). What is y(b)?
-5
Let u(v) be the third derivative of 0 + 0*v + 1/24*v**4 + 3*v**2 + 1/3*v**3. Suppose 0*q + q = 2. Calculate u(q).
4
Let g(t) = -2 + t**3 - 2*t**3 + 6*t**2 + 0*t**2 + 3*t - t. Suppose 5*r + 3*s - 27 = 0, r = -2*s + 4*s + 8. Give g(r).
10
Let j(h) = -h**2 - 8*h - 8. Let g be j(-6). Let r = g + -1. Let l(x) = 3*x - 4*x**3 - 2*x + 3*x**r + 3*x**2. Give l(3).
3
Let h(q) = -5*q**2 + q + 1. Let m(v) = v**3 - 5*v**2 + 4*v - 2. Let t be m(4). Calculate h(t).
-21
Let a(w) = -w**3 - w**2 + 2*w + 3. Let i(j) = -j**2 + 4*j - 1. Let v be i(3). Let o(k) = -2*k - 3. Let s(z) = v*a(z) + 3*o(z). Suppose -8 = 5*x + 2. Give s(x).
9
Let b(q) be the third derivative of q**4/12 + 5*q**3/6 + 16*q**2. What is b(-7)?
-9
Suppose -4*q - 30 = -10. Let c(j) = -1 - 6 - 6*j + 5*j. Let r be c(q). Let t(k) = -k**2 - k - 1. Give t(r).
-3
Let j be (82/(-4))/((-3)/6). Let s(a) = -1 - 42*a - 3 + j*a. Let z(n) = -n - 4. Let q be z(0). Determine s(q).
0
Let y(q) = 5*q - 1. Let v = 1 - -2. Suppose -3 + 0 = v*n. Let a(h) = -h. Let r be a(n). Determine y(r).
4
Let h(z) = -2*z**2 + z - 1. Let p(x) = 9*x - 3. Let d be p(2). Let n = -11 + d. Suppose 2*l + 0*l = n*t + 4, -2*t + 10 = 5*l. Determine h(l).
-7
Let t(l) = -2*l - 1. Suppose -2*h + 7*h = 20, h + 2 = -3*g. Determine t(g).
3
Let v(s) = -s + 1. Let g(t) = t**3 + 7*t**2 + 7*t + 11. Let k be g(-6). What is v(k)?
-4
Let v(o) be the first derivative of 21*o**4/4 - 2*o**3/3 - o**2 - o + 14. Determine v(-1).
-22
Let q(s) = 2*s - 3. Let t(z) = -z - 4. Suppose 5*r - 32 = 2*p, 3*r = -4*p - 19 + 7. Let k be t(p). Determine q(k).
1
Let f(w) = 3*w + 1. Let z be f(1). Let b be 0/(-1 - (1 + (1 - 2))). Suppose z*h = -b*h - 4. Let a(k) = k**2 + k + 1. Determine a(h).
1
Let w(b) = -4*b + 4. Suppose -m - 3*m + 3*h + 18 = 0, m - 4*h - 11 = 0. Calculate w(m).
-8
Let h(u) = -u**3 - 7*u**2 - 7*u + 2. Let q(w) = -w**3 - 5*w**2 - 2*w + 2. Let n be q(-4). What is h(n)?
8
Let u(g) = -g**3 - 4*g**2 - 2*g + 1. Let r = -24 + 21. What is u(r)?
-2
Let w(o) = -2*o**2 - 2*o + 3. Let i(l) = 7*l**2 + 8*l - 12. Let z(q) = -2*i(q) - 9*w(q). Determine z(2).
17
Let n(y) = -y**3 - 6*y**2 + y + 2. Let q(j) = 4*j**3 + 18*j**2 - 4*j - 6. Let d be 2/(-7) - 47/7. Let l(p) = d*n(p) - 2*q(p). Give l(6).
4
Let v = -40 - -44. Let x(g) = 5*g - 6. Determine x(v).
14
Let n(t) = -3*t**2 + 3*t - 1. Let f(g) = g - 7. Let m(a) = a - 6. Let v(w) = -2*f(w) + 3*m(w). Let s be v(6). What is n(s)?
-7
Suppose 0 = x - 4*x + 9. Let o(y) be the second derivative of -1/6*y**x + 0 - 2*y - 1/2*y**2. Give o(-4).
3
Let s be 4/10 - 65/(-25). Let o(p) = -4*p**2 - p**3 + s*p**2 - 5*p + 4 - p**2 - 4*p**2. What is o(-5)?
4
Let b(o) = o**3 - 7*o**2 + 7*o + 8. Suppose 4*i - 13 = 11. Calculate b(i).
14
Suppose -2*y + 10 = -7*y. Let h(q) be the third derivative of -1/24*q**4 - 1/60*q**5 + 0 - 1/120*q**6 - 1/3*q**3 + 3*q**2 + 0*q. What is h(y)?
4
Let w(u) = 7*u. Let z(m) be the second derivative of m**3 - m**2/2 - 3*m. Let n(c) = -4*w(c) + 5*z(c). Determine n(4).
3
Let q(a) be the first derivative of a**4/4 + a**3/3 - 2*a**2 - 3*a + 1. Let r = 25 - 18. Let i(z) = -z**3 + 6*z**2 + 7*z - 2. Let m be i(r). Give q(m).
1
Let n(v) be the third derivative of -v**5/10 + v**4/24 + v**3/6 - 30*v**2. Calculate n(-2).
-25
Let g(v) = -v**2 + 6*v. Let r = 9 + -4. Calculate g(r).
5
Suppose n + 7 + 27 = -5*s, -26 = 4*s + 2*n. Let u(m) = -3*m**2 + 27*m**2 - 9*m - 8 - 22*m**2 - 3*m**2. Determine u(s).
6
Let v(d) be the third derivative of d**4/24 + d**3/3 - d**2. Suppose 0 = -2*f + f - 4. What is v(f)?
-2
Suppose -2*z = 4*i, -2*z = 2*z + 4*i - 4. Let t(g) = 2*g + 4 - z*g - 4*g**2 + g**3. Suppose -3*b + b = -6. Determine t(b).
-5
Let v be (-7)/(-5) - (-6)/(-15). Let n(x) = -2*x - 5 - 1 + v + 5*x. Calculate n(4).
7
Let u(i) be the first derivative of -1/3*i**3 - i + 3/2*i**2 - 1. Give u(1).
1
Let f(z) be the third derivative of -z**7/840 - z**6/180 + z**5/20 + z**4/24 - 5*z**3/6 - 7*z**2. Let p(o) be the first derivative of f(o). Determine p(-4).
9
Let q(k) = -5 + 3*k - 3*k - k. Suppose 4*u + 16 = 0, u - 23 - 3 = -3*j. Let r = -14 + j. Calculate q(r).
-1
Let p(l) = -5*l - 4. Let v(x) = 9*x + 8. Let w(s) = 7*p(s) + 4*v(s). Suppose f + 2 = 6. Give w(f).
8
Let i(b) be the third derivative of -b**5/60 - b**4/12 + 12*b**2. Determine i(-3).
-3
Suppose 3*l + 7 = 3*q - 5, 0 = -5*l - 15. Let f(d) = 2*d - 1. Give f(q).
1
Suppose -d + 4 = -1. Let k be 14/10 - (-3)/d. Let c(r) = 1 - 7*r + 6*r - 8*r**k + 2*r**2. Determine c(1).
-6
Suppose 5*j = -2*r + 54, -2*j + 18 = 2*r - 0. Let f = 8 - j. Let q(p) = -2*p - 3. Let i(s) = 8*s + 12. Let x(c) = 2*i(c) + 9*q(c). Calculate x(f).
5
Let s(y) = -9*y + 6. Let b be s(4). Let j be (1 + 1)*b/12. Let k(f) = f + 6. Determine k(j).
1
Let a(p) = p**2 + 2*p**2 + p**3 - 2*p**2 - 2*p**2. Let f be a(-1). Let q(m) = m - 2. Determine q(f).
-4
Let m = -33 - -41. Let i(p) = -p + 4. What is i(m)?
-4
Let c(x) be the third derivative of x**8/6720 + x**6/720 + x**5/60 + x**4/24 + 3*x**2. Let h(f) be the second derivative of c(f). Give h(0).
2
Let c(j) = -3*j**3 - 17*j**2 + 13*j - 19. Let q(u) = -u**3 - 8*u**2 + 6*u - 9. Let f(g) = 2*c(g) - 5*q(g). Give f(6).
-17
Let q(m) = -16*m**3 + m**2 + 25*m + 20. Let x(i) = 3*i**3 - 5*i - 4. Let a(p) = 2*q(p) + 11*x(p). Give a(-3).
2
Let l be (-52)/(-8) - 6/(-12). Let u(n) = n**3 - 6*n**2 - 7*n + 6. Give u(l).
6
Let b(a) = a**2 - 8*a - 4. Let y be b(8). Let z(o) = -2*o - 6. Let j(h) = 10*h + 30. Let q(d) = -3*j(d) - 14*z(d). Determine q(y).
2
Let d(p) = -p**3 + 5*p**2 - p - 2. Suppose -8 = -4*w - 0. Let m be (w/(-5))/(5/(-25)). Give d(m).
8
Suppose 0*a = -3*a + 6. Let c(p) be the second derivative of -1/3*p**3 + 1/12*p**4 - p + 0 + p**a. Give c(2).
2
Let g(s) = -2*s**2 + s**2 - 7 + s**3 - 3*s**2 + 9*s**2 - 2*s. Suppose -2*k + 0*k - 6 = -4*b, -5*b + 15 = -4*k. Give g(k).
3
Let t be 9 - ((2 - 2) + 3). Let n(i) = 3*i - 5. What is n(t)?
13
Let f(s) = 2*s - 8. Let c be f(6). Suppose 7 = c*j - 13, v - 1 = -j. Let m = 1 + v. Let b(y) = -y**3 - 3*y**2 + y - 2. Determine b(m).
-5
Let q(z) = -z - 10. Let n be q(-10). Let b be (-2)/4*n + 3. Let c(y) = y + y + 3*y - 2*y + b - y**2. Calculate c(-2).
-7
Let g(t) = -t**3 - 3*t**2 + 5*t - 3. Let n be 48/(-2)*8/(-16). Let c = 8 - n. Calculate g(c).
-7
Let y be 0 + -4 + (-1 - -2). Let w = -6 - -1. Let i = w - y. Let v(k) = 4*k + 3. Give v(i).
-5
Let z(a) = a**2 + a. Let b(w) = -w**2 + 5*w - 2. Let s(j) = -b(j) + z(j). Determine s(3).
8
Let i(j) = j**3 - 4*j**2 - 4*j + 7. Suppose 32 = 5*q + 7. What is i(q)?
12
L